2*i**2 - 2*i + 1. Calculate r(-4).
2
Let b(p) = p**3 - 7*p**2 - p + 10. Let o(u) = 5 - 2*u - 1 - 3*u**2 + 7*u**2 - u**3. Let h be o(3). Determine b(h).
3
Let q be (((-5)/(-2))/(-1))/((-34)/(-68)). Let o(m) = m**2 + 3*m - 4. Give o(q).
6
Let w(s) be the second derivative of s**5/20 - s**4/12 - s**3/6 - 9*s**2 - 3*s. What is w(0)?
-18
Let l(v) = -5*v + 2. Let s = -5 + 2. Let w = 0 - s. Suppose w*r + 2 = 4*r. Determine l(r).
-8
Let y(a) = -2*a - 4. Let s be 1 + -20*4/(-8) + -4. Calculate y(s).
-18
Suppose 2*z = 4*g - 8, 0 = -z - 0*z + 5*g - 13. Let k = -8 - -11. Let l(f) = f**2 - f + k - 1 + 0*f**2. Determine l(z).
4
Let m(b) = -3*b - 8. Suppose -2*l - 21 = l. Determine m(l).
13
Let b(u) = -8*u**3 + 4*u**2 - u - 5. Let p(c) = -53*c + 1 + 52*c + 1 + 3*c**2 - 6 - 8*c**3. Let m(s) = 4*b(s) - 5*p(s). Calculate m(-1).
-8
Let k(i) = i**2 + i. Let v(p) = 4*p**2 + 6*p - 5. Let b(r) = -5*k(r) + v(r). Calculate b(0).
-5
Let y = -9 + 6. Let o be ((-1)/(4/12))/(-1). Let x(u) = u - o*u + 0*u + 3*u. Determine x(y).
-3
Suppose 2*a + 2*y - 10 = 0, 7 + 6 = a + 5*y. Let b = -2 + a. Suppose -2 = -o + b. Let w(d) = -d**3 + 3*d**2 + 2. What is w(o)?
2
Let g(w) be the third derivative of w**4/24 + w**3/3 + 10*w**2. What is g(3)?
5
Let r(g) = g**2 + 10*g - 4. Let w be r(-10). Let v(l) = -l**2 - 3*l + 3. Give v(w).
-1
Let o(d) = -d**2 + 4*d - 4. Let r be o(3). Let k(a) = 16*a**2 - 3*a - 2. Let j(y) = -33*y**2 + 8*y + 5. Let m(f) = -2*j(f) - 5*k(f). Give m(r).
-13
Let y(s) be the third derivative of -s**5/60 + 7*s**3/6 - 5*s**2. Determine y(0).
7
Let f = -32 + 53. Let z = -16 + f. Let q(y) be the third derivative of y**6/120 - y**5/10 + y**4/6 - y**3/6 + y**2. Give q(z).
-6
Let x(b) = -b + 0 + 2 - 1 + b**2. Suppose 0 = -8*t + 5*t. Determine x(t).
1
Let r(z) be the first derivative of -z**3/3 - z**2/2 - z - 18. Calculate r(-3).
-7
Let q(f) = f**2 + 3 + 1 - 4 - f + 2. Suppose -2 = -2*i - 0*i + 4*s, -11 = i + 4*s. Let x be (0*(-1)/i)/2. Calculate q(x).
2
Let z(v) = -3*v + 5 - 3 + 0. Let l = -5 + 3. What is z(l)?
8
Let t(r) = -r**2 - 4*r + 2. Let p be t(-5). Suppose 5*m - 8 = 7, 4*q = -4*m + 16. Let d(o) = -4 + q - 2*o + o. Determine d(p).
0
Let y(u) = u**3 + u**2 - u - 2. Let l be 1/(-4) + (-13)/(-4). Let s(x) = -x**3 + 3*x**2 - 2*x + 4. Let g be s(l). Determine y(g).
-4
Let j(r) = r**2 - 4*r - 5. Suppose 0 = t - 7 + 2. Calculate j(t).
0
Suppose 3*k - 24 = -0*k - 4*t, -4*t - 32 = -4*k. Suppose -y - d + 2 = 0, 4*y + 0*d + k = 4*d. Let v(x) = y + x**3 - x**2 + 2*x - 6*x**3 - 2 + 1. What is v(1)?
-5
Let u(k) = 3*k - 2. Let t(v) = 7*v - 4. Let d(f) = -2*t(f) + 5*u(f). Let m be d(0). Let n(x) be the first derivative of 7*x**2/2 + 2*x - 25. Give n(m).
-12
Let m = -2 + 0. Let x(b) = -5*b - 20*b**3 - 3 + 3*b + 21*b**3 + b**2. Determine x(m).
-3
Suppose j + 3*s = 4, 5*j - 5 = -3*s + 15. Let n(l) be the third derivative of -3/2*l**3 + 1/24*l**4 + l**2 + 0 + 0*l. Calculate n(j).
-5
Let l = -6 - -11. Let s be (10 - l)*(-9)/15. Let y(j) = -j**3 - j**2 + 4*j + 1. Give y(s).
7
Let r(d) = -d**2 + 8*d - 9. Let k be 5/(-40) - (-147)/24. Determine r(k).
3
Let f(g) be the first derivative of -g**3/3 - g**2/2 - 13*g + 7. Calculate f(0).
-13
Suppose 0 = 3*a + a - 24. Let k(t) = -8*t - 10*t + a*t + 1. Determine k(-1).
13
Let l(v) = -3*v + 3*v + v. Let s be 4/(-10 - -2)*-8. Suppose 0 = i + u + s, -5*u = -2*i - i - 20. What is l(i)?
-5
Let i(t) = -3*t**2 + 12*t - 4. Let b be i(4). Let l(v) = -v + 5. Calculate l(b).
9
Let t(p) = p**2 - 15*p + 6. Let z be t(15). Suppose -5*i = 3 + 2, 0 = 4*q - 3*i - 11. Let h(k) = -3*k**q - 5 - 3*k**2 + 0*k**3 + k**3. Calculate h(z).
-5
Let d(l) = 4*l - 4. Let t(f) = 12*f - 10. Let r(h) = -11*d(h) + 4*t(h). Calculate r(-6).
-20
Let i(l) = 4*l + 1. Let c(w) = -w**2 - 7*w - 8. Let t be c(-6). What is i(t)?
-7
Let y(k) = -k**2 + 3*k - k + 261 - 259. Suppose 0*m - 5*m + 15 = 0. Give y(m).
-1
Let c(n) = -n**3 + 3*n**2 - 4*n + 2. Let u be 2 + 0/(-1 + 2). Give c(u).
-2
Let b(p) = -p**3 - 5*p**2 + 5*p - 4. Suppose 2*w + 4 = -2*w. Let d = w - 5. Calculate b(d).
2
Let h(m) = -m - 59 + 59. Determine h(3).
-3
Let x(d) = -d**2 + 8*d - 1. Let w(h) = -2*h**2 + 9*h - 2. Let b(r) = -2*w(r) + 3*x(r). Let m(a) = 5*a**3 - a**2 - a. Let u be m(-1). Calculate b(u).
-4
Let m(c) = 11*c**2 + 7 + 5*c - 3*c**2 - 3*c**2. Let i(x) = 14*x**2 + 14*x + 20. Let s(u) = 6*i(u) - 17*m(u). Give s(-3).
-5
Let w(d) = -4 + 7*d + 0 + 3. Suppose -4 = -3*r + 7*r. Let t be (10 + -5)*r/(-5). Calculate w(t).
6
Let i(m) = 11*m**2 + 29*m + 19. Let t(z) = -4*z**2 - 10*z - 6. Let c(q) = -3*i(q) - 8*t(q). Determine c(-7).
-9
Suppose 2 = p + 7. Let i(o) = -2*o - 3. Let d(x) be the third derivative of -x**4/6 - 7*x**3/6 + 2*x**2. Let h(n) = -4*d(n) + 7*i(n). Give h(p).
-3
Let i(l) be the first derivative of -6*l**2 + 2*l**2 + 2 + 3*l**2 - 8*l. Calculate i(-6).
4
Let i(j) = j**2 + 4*j**3 + 2 - j - 5*j**3 + 0*j. Let s(z) = -z**3 + 6*z**2 + 5*z + 16. Let d be s(7). What is i(d)?
-4
Let h(l) = 3*l - l - 1 + 9*l. Give h(-1).
-12
Let x be (6/2 - 2)*-2. Let v = x + 2. Let i(k) = -k**3 + k + 9. Give i(v).
9
Let v be ((-32)/20)/(4/(-10)). Suppose 0 = -a - v - 1. Let s(u) = -u**3 - 6*u**2 - 7*u - 6. What is s(a)?
4
Let a(b) be the first derivative of 1 + 1/2*b**2 - 4*b. Suppose 3*w - 3 = -0, 3*c - 5*w = 4. What is a(c)?
-1
Let p(v) = -3*v**2 + 1. Let l be (-1)/(-3 - (-1 - 1)). Suppose -o + l = -2*o. Determine p(o).
-2
Let l(m) = m**2 + 7*m + 5. Let n be ((-9)/(-15) + 1)*10. Let w = 32 - n. Suppose -40 = 3*o + 5*g, 0 = -2*o - g + 1 - w. Calculate l(o).
-5
Let s(w) = -3*w**2 + 2*w + 2*w**2 - 8*w. Let u = -1 + -3. Calculate s(u).
8
Let k = -11 + 15. Let n(a) = -a**2 + a + 2. Let q be n(0). Let x(g) = -k - g**q + 4 - 3*g. Give x(-4).
-4
Suppose -2*x - 2 + 12 = 0. Let k(y) = y**2 + y. Let r(u) = -3*u**3 - 5*u - u + 7*u**2 + 4 - 17*u**2 + 4*u**3. Let s(o) = 5*k(o) + r(o). Determine s(x).
-1
Let r(s) = s**3 - 8*s**2 + 6*s. Let a(d) = -d + 10. Let k be 3 + (2 + -1 - 1). Let y be a(k). Calculate r(y).
-7
Let i(u) = -u + 4. Let c be (1 + 0 + -1)/(-3). Suppose 2*g + 8 = -c*g. Give i(g).
8
Suppose 11 = 3*m - 7. Let b(f) = -2*f + 2. What is b(m)?
-10
Let y(d) = -d**2 - 8*d - 11. Let l be y(-7). Let z(x) be the third derivative of -x**6/120 - x**5/15 - x**3/3 + 12*x**2. Give z(l).
-2
Let y(j) = j**3 - 4*j**2 + 3*j - 1. Let b(w) = -6*w**3 + w**2 - 2*w + 1. Let q be b(1). Let f(s) = s**2 + s - 4. Let t be f(-4). Let d = t + q. Determine y(d).
-3
Suppose -4*v = -0*v. Let w(m) = -m**3 - m**2 + m - 8. What is w(v)?
-8
Suppose 2*a - 25 = -3*a. Suppose 4*w + a*g = -2, 3*w + g + 7 = -0*w. Let l(o) = o**2 + 6*o - 1. Give l(w).
-10
Let h(u) = -6*u + 1. Suppose 3*m + 3*x = 0, -5*x = -3*m - 0*m + 16. Let t be (-1 + 0)/(m/2). Calculate h(t).
7
Let l(u) = u**2 + 1. Let z(p) = 5*p**2 + 8*p - 4. Let m(h) = -4*l(h) + z(h). Calculate m(-9).
1
Let n be -8 - -1*(-1 + -1). Let j = 11 + n. Let l(h) = -8*h. What is l(j)?
-8
Let f be 0/(-3) - (3 - 11). Suppose c = -2 + f. Let o(j) = j**3 - 5*j**2 - 7*j + 1. Calculate o(c).
-5
Suppose 0 = -5*s + 10, -s = v + v - 6. Let p(o) = -7 - 4*o**2 - 5*o**3 + 4*o**3 - 2*o**v. Calculate p(-6).
-7
Suppose 2*m - 9 = v, 0*m - m + 12 = -2*v. Let f(s) = s**2 + 4*s - 3. Determine f(v).
2
Let f(y) be the second derivative of -y**5/20 - 5*y**2 - y. Let v = 5 - 5. Suppose v*d + d - 4*h = -4, d - 1 = -h. Calculate f(d).
-10
Suppose k + 0*k = 0. Let c = k - -4. Let b(f) = f**3 - 3*f**2 - 3*f - 3. Determine b(c).
1
Let a(u) = u. Suppose -4*k - 48 = -5*z, 43 = -4*k - 3*z - 5. Let h(i) = -8*i + 2. Let l(j) = k*a(j) - h(j). Determine l(-2).
6
Let g(x) be the first derivative of -x**4/4 + 5*x**3/3 + x**2/2 - 3*x + 2. Suppose -2*b = 2*k, -k = -b - 1 + 3. Let n be 6/3 - 3/k. What is g(n)?
2
Let c = -30 - -50. Let m = 24 - c. Let x(g) = -g**2 + 2*g. What is x(m)?
-8
Suppose s - 16 = 5*s. Let q(u) = u**3 + 2*u**2 - 4*u - 3. Let r be q(-2). Let x(i) = -i**3 + 0*i**3 + 5 - 3 - r*i**2 - 5*i. Calculate x(s).
6
Let x(m) = -m - 2*m + 2*m + 1. Suppose -k + 32 = -5*g - 0*g, -5*g - 5 = 0. Suppose -3*a + k = -2*v - 8*a, 2*a = -3*v - 13. Give x(v).
2
Let y(g) = g - 3 - 5 - 1. Let i = 10 - 10. What is y(i)?
-9
Let h(i) = i**3 - 7*i**2 - i + 7. Let u be h(7). Let a(p) = p + 3. Let k(s) = s + 2. Let c(n) = 2*a(n) - 3*k(n). Determine c(u).
0
Let z be (-1)/1 